{"id":266,"date":"2022-12-06T14:08:50","date_gmt":"2022-12-06T14:08:50","guid":{"rendered":"https:\/\/sabrinahuesken.de\/?page_id=266"},"modified":"2026-01-12T21:10:41","modified_gmt":"2026-01-12T21:10:41","slug":"termine","status":"publish","type":"page","link":"https:\/\/sabrinahuesken.de\/?page_id=266","title":{"rendered":"Termine"},"content":{"rendered":"\n<h3><strong>Lesungen<\/strong><\/h3>\n<p><strong>07.02.2026, 18:00 Uhr &#8211; Lesung &#8222;Mord Life Balance&#8220; <\/strong>(Gnadenkirche, Pfarrstra\u00dfe 10, 45357 Essen)<\/p>\n<p><strong>21.03.2026, 19:00 Uhr &#8211; Lesung &amp; Yoga <\/strong>(BasYOGA, Venloer Str. 2, K\u00f6ln &#8211; <a href=\"_wp_link_placeholder\" data-wplink-edit=\"true\">Tickets \u00fcber Eventfrog<\/a>)<\/p>\n<h3><strong><br>Weitere Veranstaltungen<br><\/strong><\/h3>\n<p><strong>in Planung<br><\/strong><\/p>\n<h3><strong><br>Vergangene Veranstaltungen<\/strong><\/h3>\n<p><strong>15.12.2025, 16:00 Uhr &#8211; Lesung \u201eMord Life Balance\u201c <\/strong>(Tierische Weihnacht, Notmeeris Ruhrgebiet e.V., H\u00fcgelstr. 9, 46117 Oberhausen, Eintritt frei)<\/p>\n<p><strong>15.12.2024, 16:00 Uhr &#8211; Lesung \u201eWer braucht schon Weihnachten?\u201c <\/strong>(Tierische Weihnacht, Notmeeris Ruhrgebiet e.V., H\u00fcgelstr. 9, 46117 Oberhausen)<\/p>\n<p><strong>10.12.2024, 18:00 Uhr &#8211; Lesung \u201eWer braucht schon Weihnachten?\u201c <\/strong>(Stadtteilbibliothek \u00dcberruhr, <span class=\"OYPEnA font-feature-liga-off font-feature-clig-off font-feature-calt-off text-decoration-none text-strikethrough-none\">Nockwinkel 64, 45277 Essen, Eintritt frei<\/span>)<\/p>\n<p><strong>11.12.2024, 18:00 Uhr &#8211; Lesung \u201eWer braucht schon Weihnachten?\u201c <\/strong>(Stadtteilbibliothek, Essen-Altenessen)<\/p>\n<p><strong>21.11.2024, 19:00 Uhr &#8211; Lesung \u201eWer braucht schon Weihnachten?\u201c <\/strong>(Mineralienmuseum, <span class=\"OYPEnA font-feature-liga-off font-feature-clig-off font-feature-calt-off text-decoration-none text-strikethrough-none\">Kupferdreher Str. 141\/143, <\/span><span class=\"OYPEnA font-feature-liga-off font-feature-clig-off font-feature-calt-off text-decoration-none text-strikethrough-none\">45257 Essen<\/span>, Eintritt frei)<\/p>\n<p><strong>04.07.2024, 18:30 Uhr &#8211; Lesung \u201eIm Klang des Meeres\u201c <\/strong>(Buchhandlung &#8222;Lebenswert&#8220;, Hattingen)<\/p>\n<p><strong>21.06.2024, 19:00 Uhr &#8211; Lesung \u201eIm Klang des Meeres\u201c <\/strong>(Buchhandlung &#8222;Kleine B\u00fccherwelt&#8220;, Essen-Burgaltendorf)<\/p>\n<p><strong>15.12.2023, 19:00 Uhr &#8211; Lesung \u201eWer braucht schon Weihnachten?\u201c<\/strong> (Unperfekthaus, Friedrich-Ebert-Stra\u00dfe 18-20, 45127 Essen)<br><br><strong>07.12.2023, 19:00 Uhr &#8211; Lesung \u201eWer braucht schon Weihnachten?\u201c<\/strong> (Unperfekthaus, Friedrich-Ebert-Stra\u00dfe 18-20, 45127 Essen)<\/p>\n<p><strong>25.11.2023, 16:00 Uhr &#8211; Lesung \u201eWer braucht schon Weihnachten?\u201c<\/strong> (Hof Birkenkamp, Bresegard bei Picher)<br><br><strong>02.09.2023, 14:45 Uhr &#8211; Lesung \u201eIm Klang des Meeres\u201c <\/strong>(Messe Buchpassion, K\u00f6ln &#8211; im Park Inn Radisson City West)<strong><br><br>12.08.2023, 20:00 Uhr &#8211; Lesung \u201eIm Klang des Meeres\u201c<\/strong> (Hof Birkenkamp, Bresegard bei Picher)<br><strong><br>16.06.2023, 20:00 Uhr &#8211; Premierenlesung \u201eIm Klang des Meeres\u201c<\/strong> (Westhoffsche Buchhandlung Platzer, Essen)<br><strong><br>20.05.2023 &#8211; Fabula Est<\/strong> (Messe, Solingen)<\/p>\n<p>&nbsp;<\/p>\n\n\n\n<h3>&nbsp;<\/h3>\n","protected":false},"excerpt":{"rendered":"<p>Lesungen 07.02.2026, 18:00 Uhr &#8211; Lesung &#8222;Mord Life Balance&#8220; (Gnadenkirche, Pfarrstra\u00dfe 10, 45357 Essen) 21.03.2026, 19:00 Uhr &#8211; Lesung &amp; Yoga (BasYOGA, Venloer Str. 2, K\u00f6ln &#8211; Tickets \u00fcber Eventfrog) Weitere Veranstaltungen in Planung Vergangene Veranstaltungen 15.12.2025, 16:00 Uhr &#8211; Lesung \u201eMord Life Balance\u201c (Tierische Weihnacht, Notmeeris Ruhrgebiet e.V., H\u00fcgelstr. 9, 46117 Oberhausen, Eintritt frei) &hellip; <\/p>\n<p class=\"link-more\"><a href=\"https:\/\/sabrinahuesken.de\/?page_id=266\" class=\"more-link\">Mehr <span class=\"screen-reader-text\">\u00fcber &#8222;Termine&#8220; <\/span>Lesen<\/a><\/p>\n","protected":false},"author":1,"featured_media":287,"parent":0,"menu_order":0,"comment_status":"closed","ping_status":"closed","template":"","meta":{"ngg_post_thumbnail":0,"inspiro_hide_title":false,"footnotes":""},"class_list":["post-266","page","type-page","status-publish","has-post-thumbnail","hentry"],"featured_media_urls":{"thumbnail":["https:\/\/sabrinahuesken.de\/wp-content\/uploads\/2022\/12\/barbara-maron-z5QtPqJGOZQ-unsplash-150x150.jpg",150,150,true],"medium":["https:\/\/sabrinahuesken.de\/wp-content\/uploads\/2022\/12\/barbara-maron-z5QtPqJGOZQ-unsplash-300x300.jpg",300,300,true],"medium_large":["https:\/\/sabrinahuesken.de\/wp-content\/uploads\/2022\/12\/barbara-maron-z5QtPqJGOZQ-unsplash-768x768.jpg",768,768,true],"large":["https:\/\/sabrinahuesken.de\/wp-content\/uploads\/2022\/12\/barbara-maron-z5QtPqJGOZQ-unsplash-1024x1024.jpg",950,950,true],"1536x1536":["https:\/\/sabrinahuesken.de\/wp-content\/uploads\/2022\/12\/barbara-maron-z5QtPqJGOZQ-unsplash-1536x1536.jpg",1536,1536,true],"2048x2048":["https:\/\/sabrinahuesken.de\/wp-content\/uploads\/2022\/12\/barbara-maron-z5QtPqJGOZQ-unsplash-2048x2048.jpg",2048,2048,true],"inspiro-featured-image":["https:\/\/sabrinahuesken.de\/wp-content\/uploads\/2022\/12\/barbara-maron-z5QtPqJGOZQ-unsplash-2000x2000.jpg",2000,2000,true],"inspiro-loop":["https:\/\/sabrinahuesken.de\/wp-content\/uploads\/2022\/12\/barbara-maron-z5QtPqJGOZQ-unsplash-950x320.jpg",950,320,true],"inspiro-loop@2x":["https:\/\/sabrinahuesken.de\/wp-content\/uploads\/2022\/12\/barbara-maron-z5QtPqJGOZQ-unsplash-1900x640.jpg",1900,640,true],"portfolio_item-thumbnail":["https:\/\/sabrinahuesken.de\/wp-content\/uploads\/2022\/12\/barbara-maron-z5QtPqJGOZQ-unsplash-scaled-600x400.jpg",600,400,true],"portfolio_item-thumbnail@2x":["https:\/\/sabrinahuesken.de\/wp-content\/uploads\/2022\/12\/barbara-maron-z5QtPqJGOZQ-unsplash-scaled-1200x800.jpg",1200,800,true],"portfolio_item-masonry":["https:\/\/sabrinahuesken.de\/wp-content\/uploads\/2022\/12\/barbara-maron-z5QtPqJGOZQ-unsplash-scaled-600x600.jpg",600,600,true],"portfolio_item-masonry@2x":["https:\/\/sabrinahuesken.de\/wp-content\/uploads\/2022\/12\/barbara-maron-z5QtPqJGOZQ-unsplash-scaled-1200x1200.jpg",1200,1200,true],"portfolio_item-thumbnail_cinema":["https:\/\/sabrinahuesken.de\/wp-content\/uploads\/2022\/12\/barbara-maron-z5QtPqJGOZQ-unsplash-scaled-800x335.jpg",800,335,true],"portfolio_item-thumbnail_portrait":["https:\/\/sabrinahuesken.de\/wp-content\/uploads\/2022\/12\/barbara-maron-z5QtPqJGOZQ-unsplash-scaled-600x900.jpg",600,900,true],"portfolio_item-thumbnail_portrait@2x":["https:\/\/sabrinahuesken.de\/wp-content\/uploads\/2022\/12\/barbara-maron-z5QtPqJGOZQ-unsplash-scaled-1200x1800.jpg",1200,1800,true],"portfolio_item-thumbnail_square":["https:\/\/sabrinahuesken.de\/wp-content\/uploads\/2022\/12\/barbara-maron-z5QtPqJGOZQ-unsplash-scaled-800x800.jpg",800,800,true]},"_links":{"self":[{"href":"https:\/\/sabrinahuesken.de\/index.php?rest_route=\/wp\/v2\/pages\/266","targetHints":{"allow":["GET"]}}],"collection":[{"href":"https:\/\/sabrinahuesken.de\/index.php?rest_route=\/wp\/v2\/pages"}],"about":[{"href":"https:\/\/sabrinahuesken.de\/index.php?rest_route=\/wp\/v2\/types\/page"}],"author":[{"embeddable":true,"href":"https:\/\/sabrinahuesken.de\/index.php?rest_route=\/wp\/v2\/users\/1"}],"replies":[{"embeddable":true,"href":"https:\/\/sabrinahuesken.de\/index.php?rest_route=%2Fwp%2Fv2%2Fcomments&post=266"}],"version-history":[{"count":24,"href":"https:\/\/sabrinahuesken.de\/index.php?rest_route=\/wp\/v2\/pages\/266\/revisions"}],"predecessor-version":[{"id":618,"href":"https:\/\/sabrinahuesken.de\/index.php?rest_route=\/wp\/v2\/pages\/266\/revisions\/618"}],"wp:featuredmedia":[{"embeddable":true,"href":"https:\/\/sabrinahuesken.de\/index.php?rest_route=\/wp\/v2\/media\/287"}],"wp:attachment":[{"href":"https:\/\/sabrinahuesken.de\/index.php?rest_route=%2Fwp%2Fv2%2Fmedia&parent=266"}],"curies":[{"name":"wp","href":"https:\/\/api.w.org\/{rel}","templated":true}]}}