{"id":35,"date":"2021-05-15T15:01:33","date_gmt":"2021-05-15T15:01:33","guid":{"rendered":"http:\/\/s871834693.online.de\/?page_id=35"},"modified":"2025-12-10T11:55:19","modified_gmt":"2025-12-10T11:55:19","slug":"veroeffentlichungen","status":"publish","type":"page","link":"https:\/\/sabrinahuesken.de\/?page_id=35","title":{"rendered":"Ver\u00f6ffentlichungen"},"content":{"rendered":"\n<h3><strong>Romane<\/strong><\/h3>\n<ul style=\"list-style-type: circle;\">\n<li><strong>&#8222;Hinter der dritten Koralle wartet die Liebe&#8220;<\/strong> (Romance &#8211; Ullstein Digital, 03.08.2026)<\/li>\n<li><strong>&#8222;Mord Life Balance&#8220;<\/strong> (Cozy Crime &#8211; dp Digital Publishers, 06.11.2025)<br>(ISBN Ebook&nbsp;<span class=\"a-list-item\">978-3989988507 <\/span>| ISBN Print 978-3960877585)<\/li>\n<li><strong>&#8222;Das Meer zwischen uns&#8220;<\/strong> (Romance &#8211; dp Digital Publishers, 22.08.2024)<br>Neuauflage des Titels &#8222;Im Klang des Meeres&#8220; mit Vorwort<br>(ISBN Ebook 978-<span class=\"a-list-item\">3989982362 <\/span>| ISBN Print 978-3989982369)<\/li>\n<li><strong>&#8222;Wer braucht schon Weihnachten?&#8220;<\/strong> (Romkom &#8211; dp Digital Publishers, 16.11.2023)<br>(ISBN Ebook 978-3987785825 | ISBN Print 978-3987786051)<\/li>\n<\/ul>\n<h3><strong>Sachb\u00fccher<\/strong><\/h3>\n<ul>\n<li><strong>&#8222;Auf nach Rom! Kurztrip-Reisef\u00fchrer f\u00fcr echtes Dolce Vita&#8220;<\/strong> (Reisef\u00fchrer &#8211; Beerah Verlag, Januar 2026)<\/li>\n<\/ul>\n\n\n\n<h3><strong>Novellen<\/strong><\/h3>\n<ul style=\"list-style-type: circle;\">\n<li><strong>&#8222;Waldnymphe&#8220;<\/strong> (Romantasy &#8211; Ashera Verlag, 17.07.2023)<br>(Ebook 9783910587151)<\/li>\n<li><strong>&#8222;Sturmkind&#8220;<\/strong> (Fantasy | Historie &#8211; Ashera Verlag, 15.04.2024)<\/li>\n<\/ul>\n\n\n\n<h3><strong>Kurzgeschichten<\/strong><\/h3>\n<ul style=\"list-style-type: circle;\">\n<li>T\u00f6dliche L\u00fcgen | <strong>&#8222;Das L\u00fcgenparadoxon&#8220; <\/strong>(Elysion Books, 2026)<\/li>\n<li>Fantastische Elemente 4: Erde | <strong>&#8222;Die Kaffeesatzleserin&#8220;<\/strong><br>(Verlag Geschichtenzisterne | Amazon only, ASIN <span class=\"a-list-item\"><span class=\"a-text-bold\"> \u200e <\/span> B0C41FF728<\/span>)<\/li>\n<li>Fantastische Elemente 3: Luft | <strong>&#8222;Die Wolken schmecken nach Liebe&#8220;<\/strong><br>(Verlag Geschichtenzisterne | ISBN 979-8842900442)<\/li>\n<li>Fantastische Elemente 2: Feuer | <strong>&#8222;Das Fl\u00fcstern der Gl\u00fchw\u00fcrmchen&#8220;<\/strong> <br>(Verlag Geschichtenzisterne | ISBN 979-8418862426)<\/li>\n<li>Fantastische Elemente 1: Wasser | <strong>&#8222;Prinzen k\u00fcssen verboten&#8220;<\/strong> <br>(Verlag Geschichtenzisterne | Amazon only, ASIN <span class=\"a-list-item\">B08XQGQVX8)<\/span><\/li>\n<li>Magic Moments |<strong> &#8222;Wanderlust&#8220;<\/strong><br>(Herausgeberin: Nadine Burri, Amazon only, ASIN <span class=\"a-list-item\"><span class=\"a-text-bold\"> \u200e <\/span> B09J5FYVCF<\/span>)<\/li>\n<li>#wirschreibenzuhause | <strong>&#8222;ELY&#8220;<\/strong> <br>(Herausgeber: Sebastian Fitzek, Droemer Knaur Verlag | Ebook, EAN 9783426461884)<\/li>\n<\/ul>\n\n\n\n<p><\/p>\n\n\n\n<p><\/p>\n","protected":false},"excerpt":{"rendered":"<p>Romane &#8222;Hinter der dritten Koralle wartet die Liebe&#8220; (Romance &#8211; Ullstein Digital, 03.08.2026) &#8222;Mord Life Balance&#8220; (Cozy Crime &#8211; dp Digital Publishers, 06.11.2025)(ISBN Ebook&nbsp;978-3989988507 | ISBN Print 978-3960877585) &#8222;Das Meer zwischen uns&#8220; (Romance &#8211; dp Digital Publishers, 22.08.2024)Neuauflage des Titels &#8222;Im Klang des Meeres&#8220; mit Vorwort(ISBN Ebook 978-3989982362 | ISBN Print 978-3989982369) &#8222;Wer braucht schon &hellip; <\/p>\n<p class=\"link-more\"><a href=\"https:\/\/sabrinahuesken.de\/?page_id=35\" class=\"more-link\">Mehr <span class=\"screen-reader-text\">\u00fcber &#8222;Ver\u00f6ffentlichungen&#8220; <\/span>Lesen<\/a><\/p>\n","protected":false},"author":1,"featured_media":280,"parent":0,"menu_order":0,"comment_status":"closed","ping_status":"closed","template":"","meta":{"ngg_post_thumbnail":0,"inspiro_hide_title":false,"footnotes":""},"class_list":["post-35","page","type-page","status-publish","has-post-thumbnail","hentry"],"featured_media_urls":{"thumbnail":["https:\/\/sabrinahuesken.de\/wp-content\/uploads\/2022\/12\/asal-lotfi-8ePZbdxnpi0-unsplash-1-scaled-e1670337588387-150x150.jpg",150,150,true],"medium":["https:\/\/sabrinahuesken.de\/wp-content\/uploads\/2022\/12\/asal-lotfi-8ePZbdxnpi0-unsplash-1-scaled-e1670337588387-300x133.jpg",300,133,true],"medium_large":["https:\/\/sabrinahuesken.de\/wp-content\/uploads\/2022\/12\/asal-lotfi-8ePZbdxnpi0-unsplash-1-scaled-e1670337588387-768x341.jpg",768,341,true],"large":["https:\/\/sabrinahuesken.de\/wp-content\/uploads\/2022\/12\/asal-lotfi-8ePZbdxnpi0-unsplash-1-scaled-e1670337588387-1024x455.jpg",950,422,true],"1536x1536":["https:\/\/sabrinahuesken.de\/wp-content\/uploads\/2022\/12\/asal-lotfi-8ePZbdxnpi0-unsplash-1-scaled-e1670337588387-1536x683.jpg",1536,683,true],"2048x2048":["https:\/\/sabrinahuesken.de\/wp-content\/uploads\/2022\/12\/asal-lotfi-8ePZbdxnpi0-unsplash-1-1357x2048.jpg",1357,2048,true],"inspiro-featured-image":["https:\/\/sabrinahuesken.de\/wp-content\/uploads\/2022\/12\/asal-lotfi-8ePZbdxnpi0-unsplash-1-2000x3019.jpg",2000,3019,true],"inspiro-loop":["https:\/\/sabrinahuesken.de\/wp-content\/uploads\/2022\/12\/asal-lotfi-8ePZbdxnpi0-unsplash-1-scaled-e1670337588387-950x320.jpg",950,320,true],"inspiro-loop@2x":["https:\/\/sabrinahuesken.de\/wp-content\/uploads\/2022\/12\/asal-lotfi-8ePZbdxnpi0-unsplash-1-scaled-e1670337588387-1696x640.jpg",1696,640,true],"portfolio_item-thumbnail":["https:\/\/sabrinahuesken.de\/wp-content\/uploads\/2022\/12\/asal-lotfi-8ePZbdxnpi0-unsplash-1-scaled-e1670337588387-600x400.jpg",600,400,true],"portfolio_item-thumbnail@2x":["https:\/\/sabrinahuesken.de\/wp-content\/uploads\/2022\/12\/asal-lotfi-8ePZbdxnpi0-unsplash-1-scaled-e1670337588387-1200x754.jpg",1200,754,true],"portfolio_item-masonry":["https:\/\/sabrinahuesken.de\/wp-content\/uploads\/2022\/12\/asal-lotfi-8ePZbdxnpi0-unsplash-1-scaled-e1670337588387-600x267.jpg",600,267,true],"portfolio_item-masonry@2x":["https:\/\/sabrinahuesken.de\/wp-content\/uploads\/2022\/12\/asal-lotfi-8ePZbdxnpi0-unsplash-1-scaled-e1670337588387-1200x533.jpg",1200,533,true],"portfolio_item-thumbnail_cinema":["https:\/\/sabrinahuesken.de\/wp-content\/uploads\/2022\/12\/asal-lotfi-8ePZbdxnpi0-unsplash-1-scaled-e1670337588387-800x335.jpg",800,335,true],"portfolio_item-thumbnail_portrait":["https:\/\/sabrinahuesken.de\/wp-content\/uploads\/2022\/12\/asal-lotfi-8ePZbdxnpi0-unsplash-1-scaled-e1670337588387-600x754.jpg",600,754,true],"portfolio_item-thumbnail_portrait@2x":["https:\/\/sabrinahuesken.de\/wp-content\/uploads\/2022\/12\/asal-lotfi-8ePZbdxnpi0-unsplash-1-scaled-e1670337588387-1200x754.jpg",1200,754,true],"portfolio_item-thumbnail_square":["https:\/\/sabrinahuesken.de\/wp-content\/uploads\/2022\/12\/asal-lotfi-8ePZbdxnpi0-unsplash-1-scaled-e1670337588387-800x754.jpg",800,754,true]},"_links":{"self":[{"href":"https:\/\/sabrinahuesken.de\/index.php?rest_route=\/wp\/v2\/pages\/35","targetHints":{"allow":["GET"]}}],"collection":[{"href":"https:\/\/sabrinahuesken.de\/index.php?rest_route=\/wp\/v2\/pages"}],"about":[{"href":"https:\/\/sabrinahuesken.de\/index.php?rest_route=\/wp\/v2\/types\/page"}],"author":[{"embeddable":true,"href":"https:\/\/sabrinahuesken.de\/index.php?rest_route=\/wp\/v2\/users\/1"}],"replies":[{"embeddable":true,"href":"https:\/\/sabrinahuesken.de\/index.php?rest_route=%2Fwp%2Fv2%2Fcomments&post=35"}],"version-history":[{"count":31,"href":"https:\/\/sabrinahuesken.de\/index.php?rest_route=\/wp\/v2\/pages\/35\/revisions"}],"predecessor-version":[{"id":603,"href":"https:\/\/sabrinahuesken.de\/index.php?rest_route=\/wp\/v2\/pages\/35\/revisions\/603"}],"wp:featuredmedia":[{"embeddable":true,"href":"https:\/\/sabrinahuesken.de\/index.php?rest_route=\/wp\/v2\/media\/280"}],"wp:attachment":[{"href":"https:\/\/sabrinahuesken.de\/index.php?rest_route=%2Fwp%2Fv2%2Fmedia&parent=35"}],"curies":[{"name":"wp","href":"https:\/\/api.w.org\/{rel}","templated":true}]}}